 - 1?
-5150
In base 5, what is 24 - -10?
34
In base 2, what is -100001 - -100?
-11101
In base 6, what is -1101 - -4?
-1053
In base 3, what is -10 - 2011211?
-2011221
In base 13, what is -319 - -4?
-315
In base 2, what is -10101 + 1000?
-1101
In base 8, what is 1 + 37?
40
In base 9, what is 7 + -6034?
-6026
In base 14, what is 1 - 9b?
-9a
In base 7, what is 115 + -65?
20
In base 2, what is -11001100111001 + 1?
-11001100111000
In base 15, what is -2 + -99?
-9b
In base 12, what is 4 - 321?
-319
In base 16, what is 1a + -cd?
-b3
In base 3, what is 10 + 1000?
1010
In base 3, what is 212200 - 1001?
211122
In base 11, what is 459 - 2?
457
In base 10, what is 399 - -4?
403
In base 12, what is 16 - 0?
16
In base 4, what is -333 + 2?
-331
In base 4, what is -1323020 - 1?
-1323021
In base 14, what is -3c5 - 0?
-3c5
In base 3, what is -12 - 10012001?
-10012020
In base 4, what is 102032 - -3?
102101
In base 3, what is 2002220 + -10?
2002210
In base 10, what is -157 - 2?
-159
In base 16, what is 1f53 + -1?
1f52
In base 15, what is a2 + 1?
a3
In base 8, what is 3053 + 3?
3056
In base 3, what is -1 - -222?
221
In base 7, what is 2 + -5066?
-5064
In base 6, what is -3 + -324?
-331
In base 7, what is -63 + -160?
-253
In base 10, what is -13 + 12?
-1
In base 3, what is 20120 + 122?
21012
In base 4, what is 1122 + -1?
1121
In base 5, what is -1 - -230?
224
In base 6, what is -4 + -433?
-441
In base 16, what is -1f3e - 3?
-1f41
In base 8, what is 640 - -1?
641
In base 16, what is -f4 + -9?
-fd
In base 12, what is 1 - 62?
-61
In base 6, what is 422 + -20?
402
In base 10, what is -131 + -47?
-178
In base 9, what is -4 - 7836?
-7841
In base 10, what is 6 + 32?
38
In base 4, what is 13 + -23?
-10
In base 9, what is -7183 - 2?
-7185
In base 11, what is -125 + -5?
-12a
In base 3, what is 210200 - -12?
210212
In base 9, what is -50 - 6?
-56
In base 12, what is -59 + 7?
-52
In base 5, what is 13344 - -103?
14002
In base 16, what is -5 - -17?
12
In base 8, what is -1 + 347?
346
In base 11, what is 537 - 12?
525
In base 9, what is -5 - -200?
184
In base 7, what is -4 - -55?
51
In base 13, what is -3ac - -7?
-3a5
In base 13, what is c4 + -1?
c3
In base 8, what is 45 - -1?
46
In base 11, what is 2 - 363?
-361
In base 10, what is 249 - 16?
233
In base 9, what is -1006 - 1?
-1007
In base 7, what is -5 + -1006?
-1014
In base 3, what is 11111 + -2?
11102
In base 11, what is -2 - -683?
681
In base 5, what is 22 - -2323?
2400
In base 6, what is -4 + -145?
-153
In base 13, what is -b - 8c2?
-900
In base 3, what is -11011 - -1112?
-2122
In base 14, what is -1 + 175?
174
In base 9, what is -25 + -16?
-42
In base 2, what is -1110110 - -10001?
-1100101
In base 7, what is 516 - 24?
462
In base 16, what is 192 - -b?
19d
In base 16, what is 0 - 1b?
-1b
In base 7, what is -2 + 1031?
1026
In base 10, what is 11 + 1390?
1401
In base 5, what is -1 - 131?
-132
In base 13, what is -c25 + 5?
-c20
In base 4, what is -11300 + -11?
-11311
In base 5, what is 1 + 12123?
12124
In base 7, what is 4 - 2121?
-2114
In base 16, what is -d + 0?
-d
In base 3, what is 202000 + -1100?
200200
In base 8, what is 243 + -4?
237
In base 11, what is -3 - 341?
-344
In base 7, what is 4 - -451?
455
In base 6, what is 5 + -25?
-20
In base 10, what is 48 + 66?
114
In base 14, what is 10 - -14?
24
In base 12, what is -43 + -5?
-48
In base 13, what is 0 + 19cb?
19cb
In base 16, what is 0 - -3?
3
In base 3, what is -12 + 100100?
100011
In base 8, what is -1317 + 6?
-1311
In base 8, what is -1045 + 1?
-1044
In base 4, what is 1 - 113?
-112
In base 8, what is -165 + 6?
-157
In base 3, what is -10101 - -11?
-10020
In base 11, what is 16 - 339?
-323
In base 10, what is 4 + -230?
-226
In base 6, what is -5 - 22?
-31
In base 11, what is 4 - 40?
-37
In base 12, what is 15 - -3?
18
In base 3, what is 2 + -201011?
-201002
In base 3, what is -102 - -10201?
10022
In base 7, what is -3610 - -1?
-3606
In base 15, what is -5 + 15b?
156
In base 16, what is 0 + 41?
41
In base 10, what is 56 - 79?
-23
In base 10, what is 231 + -18?
213
In base 12, what is -52 - -461?
40b
In base 6, what is 14 + 123?
141
In base 8, what is -264 - -70?
-174
In base 8, what is 137 - -136?
275
In base 10, what is -2442 - 6?
-2448
In base 11, what is -15 - 25?
-3a
In base 8, what is 40616 - 2?
40614
In base 5, what is 420 + 22?
442
In base 10, what is -11 + -8?
-19
In base 14, what is 4381 + -1?
4380
In base 14, what is 5 + 1bb7?
1bbc
In base 3, what is 11 - 1200?
-1112
In base 15, what is 3d5 + 0?
3d5
In base 13, what is 21c7 + 2?
21c9
In base 8, what is -4 - -7?
3
In base 5, what is -1222 + -12?
-1234
In base 6, what is 4 + -235?
-231
In base 7, what is -3 + -4160?
-4163
In base 9, what is 2 + -164?
-162
In base 7, what is 11 - -433?
444
In base 10, what is 3 - -25?
28
In base 2, what is 111101 - 100?
111001
In base 15, what is -140 - 2?
-142
In base 9, what is 3 + -184?
-181
In base 16, what is -22 + 11?
-11
In base 10, what is -28 + -3?
-31
In base 6, what is -3 + -124?
-131
In base 12, what is -4 + b25?
b21
In base 16, what is 10 + -337?
-327
In base 15, what is -19a + 54?
-146
In base 12, what is 5 + -41?
-38
In base 5, what is 1022 - 0?
1022
In base 13, what is -476 + 5?
-471
In base 15, what is 11 + 1ad?
1be
In base 5, what is 30032 - -3?
30040
In base 6, what is -20 + -11?
-31
In base 7, what is 3526 - 11?
3515
In base 6, what is -103 + 255?
152
In base 2, what is -11000101001 - -101?
-11000100100
In base 3, what is 12022222 - 10?
12022212
In base 9, what is 1 - -323?
324
In base 3, what is 20210201 - -10?
20210211
In base 8, what is 12 - -2?
14
In base 9, what is 1382 + -2?
1380
In base 9, what is 507 - -3?
511
In base 2, what is 1001 + 100?
1101
In base 12, what is -1b - -515?
4b6
In base 16, what is 8c - 5?
87
In base 9, what is 110 - -2?
112
In base 14, what is -3 + -68d?
-692
In base 11, what is 0 - 4474?
-4474
In base 11, what is 181a - -4?
1823
In base 5, what is -113 - -10?
-103
In base 4, what is -3331 - -3?
-3322
In base 9, what is -2 - 1537?
-1540
In base 10, what is 277 + -5?
272
In base 7, what is -2 + -103?
-105
In base 14, what is -4 - -5?
1
In base 3, what is 1121 - -11121?
20012
In base 14, what is 0 - -c46?
c46
In base 13, what is -5 - -15?
10
In base 10, what is -954 + 0?
-954
In base 10, what is 4 - -36?
40
In base 5, what is -33231 + 3?
-33223
In base 6, what is -1253 + -2?
-1255
In base 3, what is 2110 + 11220?
21100
In base 11, what is 88 - 6?
82
In base 4, what is -11333 - -1?
-11332
In base 14, what is -d5 + 1?
-d4
In base 11, what is -9a - -21?
-79
In base 9, what is 386 + -18?
367
In base 2, what is -10000110001 + -1?
-10000110010
In base 2, what is 101011 - -11?
101110
In base 4, what is -11 + 203?
132
In base 15, what is 17 + -c?
a
In base 7, what is 2406 + 5?
2414
In base 4, what is 20 + 20130?
20210
In base 6, what is 1 - 5?
-4
In base 3, what is -1122 + 0?
-1122
In base 9, what is 22 - 7?
14
In base 10, what is -6 - -142?
136
In base 4, what is 1 - 0?
1
In base 14, what is -6 + -36?
-3c
In base 14, what is -75 + 5?
-70
In base 11, what is 5 - 10?
-6
In base 10, what is 6 - 537?
-531
In base 6, what is 4 - 313?
-305
In base 14, what is 3 - 45?
-42
In base 6, what is -410 - 20?
-430
In base 8, what is 12 + -4?
6
In base 11, what is -25 + 47?
22
In base 8, what is 3161 + -14?
3145
In base 6, what is 3 + 15?
22
In base 4, what is 10220 - -10?
10230
In base 8, what is 572 + -25?
545
In base 16, what is 2 + 7c4?
7c6
In base 16, what is -f + 9?
-6
In base 14, what is -4 + -11?
-15
In base 10, what is 2 - -44?
46
In base 15, what is -2 + 824?
822
In base 13, what is 29 + 4?
30
In base 13, what is -a - -147?
13a
In base 14, what is -38 + -13?
-4b
In base 10, what is -12760 + 0?
-12760
In base 15, what is 931 - 3?
92d
In base 14, what is c1 - -21?
102
In base 9, what is -37 + 201?
153
In base 3, what is -1122222 - -101?
-1122121
In base 12, what is -2 - 54b?
-551
In base 4, what is -302 + -1221?
-2123
In base 3, what is 201120 + -2?
201111
In base 2, what is -101 - -10100?
1111
In base 8, what is 7 + -42?
-33
In base 10, what is 3 - 67?
-64
In base 7, what is -146 + -4?
-153
In base 16, what is -d0f - 1?
-d10
In base 8, what is -13517 - 4?
-13523
In base 9, what is 206 - -67?
274
In base 8, what is -134 + -1?
-135
In base 4, w